a
In base 3, what is -12020 + -10012022200?
-10012111220
In base 16, what is 1 + 93d1d51?
93d1d52
In base 3, what is -21112102120 - -201221?
-21111200122
In base 2, what is 100011100101111 + 101110100?
100100010100011
In base 2, what is 1111011011001 + -1111100010101?
-111100
In base 2, what is -10111110001001111111000 - -100?
-10111110001001111110100
In base 14, what is -d4 - 25295?
-25389
In base 7, what is -2425 + 1460401?
1454643
In base 10, what is -8639367 + 2?
-8639365
In base 10, what is -102 - -4708635?
4708533
In base 8, what is 353 + 116372?
116745
In base 16, what is 27287 + 187?
2740e
In base 8, what is 170362 + -162?
170200
In base 15, what is -19a76679 + 3?
-19a76676
In base 8, what is 10042763 + -3?
10042760
In base 16, what is 32a - -bcf?
ef9
In base 13, what is 1502569 + 1?
150256a
In base 8, what is -407 + 5537230?
5536621
In base 16, what is -17ecf2 + -25?
-17ed17
In base 6, what is 104 + 404404214?
404404322
In base 4, what is -1200010331212 + 10?
-1200010331202
In base 13, what is -2246 + -759?
-29a2
In base 15, what is -8d7eaab + -2?
-8d7eaad
In base 12, what is 46 + b339a?
b3424
In base 16, what is -b8a - -e663?
dad9
In base 16, what is -14a - -e7e?
d34
In base 15, what is 42b + 4eb7?
53e3
In base 4, what is -120303101323012 + -3?
-120303101323021
In base 10, what is 114 + -553545?
-553431
In base 9, what is 4 - 6012087?
-6012083
In base 7, what is -450 - -511160?
510410
In base 6, what is -425101 + -41?
-425142
In base 3, what is 101011020222 + 22001200?
101110022122
In base 9, what is -8310 - -6173?
-2126
In base 13, what is 4562 - -2a34?
7296
In base 6, what is -111244503 + 1324?
-111243135
In base 16, what is ee - -187ec?
188da
In base 5, what is 11030212 - 1?
11030211
In base 5, what is -21212044142 - 2?
-21212044144
In base 6, what is -12251144 + -431?
-12252015
In base 10, what is -1334675098 - 3?
-1334675101
In base 8, what is 5722427 - 14?
5722413
In base 13, what is 614 - -1bc46?
1c55a
In base 11, what is 827471 - 49?
827423
In base 11, what is 583330 - 71?
58326a
In base 6, what is 1 - 4420423?
-4420422
In base 2, what is -1110000011010001100 - 10000?
-1110000011010011100
In base 3, what is -102120102121211 + -122?
-102120102122110
In base 6, what is -103000141 + 35?
-103000102
In base 12, what is -bb + 57070?
56b71
In base 8, what is -2137 - -44111?
41752
In base 2, what is -101011001111101111 + 10010001?
-101011001101011110
In base 15, what is -5de - -131c8?
12ad9
In base 16, what is -4 - -5289ebe?
5289eba
In base 13, what is -3 + 5ca509?
5ca506
In base 7, what is 434440453 - -42?
434440525
In base 11, what is 283a - 2323?
517
In base 5, what is 342 + 1204334004?
1204334401
In base 7, what is -20162165620 - -4?
-20162165613
In base 3, what is -1202221211 - 10222022?
-1220221010
In base 6, what is -1402124 - -132204?
-1225520
In base 8, what is 6 + -200551302?
-200551274
In base 11, what is -36268 + 88?
-36190
In base 2, what is 10011110110001011011010 + 101101?
10011110110001100000111
In base 14, what is -197883 - 19?
-19789c
In base 12, what is -35ab3a4 + 0?
-35ab3a4
In base 3, what is -110021012 - -1101112021?
221021002
In base 2, what is 1000010010 - -10010111011110?
10011111110000
In base 2, what is 11000 - 11101110110101100011?
-11101110110101001011
In base 11, what is 14169 + -939?
13330
In base 16, what is 287 + -78e6?
-765f
In base 9, what is 3725206 + -536?
3724560
In base 16, what is -2 - 458dbd?
-458dbf
In base 15, what is e32 - -47d3?
5715
In base 11, what is 13aa31 - -22?
13aa53
In base 7, what is 13213 + 24316?
40532
In base 3, what is 1010000210002 + -110?
1010000202122
In base 7, what is -3431 + 15053?
11322
In base 14, what is -2 - d7d230?
-d7d232
In base 7, what is -311453 - -201?
-311252
In base 2, what is 100000110110011100 - 11001?
100000110110000011
In base 8, what is 67 - 5302603?
-5302514
In base 9, what is -136738 + -43?
-136782
In base 10, what is 922 + 26770?
27692
In base 14, what is c4a9a284 + -4?
c4a9a280
In base 16, what is -68d8 - -2f48?
-3990
In base 9, what is 1 - -2372543?
2372544
In base 2, what is 10111011 + 1101011101100000?
1101100000011011
In base 11, what is 2700 + -799?
1a12
In base 15, what is -b4e32c + 7?
-b4e325
In base 11, what is -21 + -17908661?
-17908682
In base 15, what is 4 + b2dda?
b2dde
In base 9, what is 266 + -53688?
-53422
In base 7, what is -13050102 - 66?
-13050201
In base 7, what is 152 - -54612201?
54612353
In base 7, what is -43550445 + -2?
-43550450
In base 10, what is -753 + -589?
-1342
In base 3, what is 12 - 2000112101122010?
-2000112101121221
In base 16, what is -1412 - -545f?
404d
In base 14, what is 6299c - -84c?
6340a
In base 13, what is -30559c75 + -5?
-30559c7a
In base 9, what is 5 + 7181732?
7181737
In base 14, what is 3 - 6a6d4?
-6a6d1
In base 11, what is -82090 - -2585?
-7a606
In base 6, what is -403 - 1533413?
-1534220
In base 2, what is -100 - -100101110111101111?
100101110111101011
In base 6, what is 203035 - -1313?
204352
In base 9, what is -4 - 18164700?
-18164704
In base 11, what is 35155 - 891?
34374
In base 6, what is 13014350 + 225?
13015015
In base 3, what is -110 + -10011221202101222?
-10011221202102102
In base 3, what is 112200120010121 + 2?
112200120010200
In base 2, what is 101 + 10101101111111101000?
10101101111111101101
In base 12, what is -1ba892 - -65?
-1ba829
In base 7, what is -3326 - -13064?
6435
In base 7, what is 110 - -101650?
102060
In base 16, what is 33a84b + -24?
33a827
In base 4, what is 13 + -1102310333?
-1102310320
In base 8, what is 7213 + -33670?
-24455
In base 9, what is 65757 + -84?
65663
In base 13, what is -1c9 + -52a42?
-52c3b
In base 8, what is 775177764 + 5?
775177771
In base 11, what is -566a08 - 11?
-566a19
In base 11, what is 1372 - -aa6?
2368
In base 16, what is ed62 + -6c5?
e69d
In base 10, what is 24 + 29347304?
29347328
In base 15, what is bc + 2417d1?
24189d
In base 12, what is -4 - 21b1a26b?
-21b1a273
In base 14, what is 18cb930 + 5?
18cb935
In base 4, what is -31 - 132232300300?
-132232300331
In base 16, what is 875aa4 + 55?
875af9
In base 10, what is -1856 - -2787?
931
In base 11, what is 14419 + 3a4?
14812
In base 9, what is -2 - -125614520?
125614517
In base 10, what is 0 + 154787880?
154787880
In base 4, what is -21303 - -111221?
23312
In base 6, what is -101114 + 1412403?
1311245
In base 4, what is 201 + -131131111?
-131130310
In base 3, what is 120020101112 + 22022?
120020200211
In base 14, what is -4919 + -6ca8?
-b7c3
In base 16, what is -149 - -143a2?
14259
In base 3, what is 1 - -22211221201011?
22211221201012
In base 2, what is 100000001000 - -1010001111010010?
1010101111011010
In base 4, what is 10020212 - -2122202?
12203020
In base 10, what is 5026 - 1594?
3432
In base 15, what is 4016bd - 3?
4016ba
In base 11, what is -10 + 199466?
199456
In base 11, what is -4a + 3244827?
3244788
In base 13, what is 3579 + 10c0?
4669
In base 13, what is -259159 - -aa?
-25907c
In base 15, what is -30e - 6963?
-6c72
In base 15, what is d1 + -2d44ed?
-2d441c
In base 6, what is 2031051 - -12320?
2043411
In base 8, what is 75135565 - 4?
75135561
In base 4, what is -10 - 102103210021?
-102103210031
In base 16, what is 5 - bd3b971?
-bd3b96c
In base 5, what is -400034401020 + -10?
-400034401030
In base 3, what is 111212021000102 + 200?
111212021001002
In base 12, what is a0058b - -5?
a00594
In base 15, what is 4e - 283aa?
-2835b
In base 12, what is 415297 - 20?
415277
In base 2, what is -101 + -10111011110100100000010?
-10111011110100100000111
In base 16, what is 0 - -d66d57?
d66d57
In base 4, what is -3 - -3131323112302?
3131323112233
In base 8, what is -335567070 - -5?
-335567063
In base 15, what is 5e2b5e20 - 4?
5e2b5e1b
In base 8, what is -626 + 146274?
145446
In base 8, what is -1307270 + -326?
-1307616
In base 15, what is b - 3e982?
-3e976
In base 13, what is 20b82 + -c?
20b73
In base 15, what is 31bda + -24c?
3198d
In base 13, what is 22090861 - 5?
22090859
In base 6, what is -240 + 3040441?
3040201
In base 15, what is -346be1 - 3?
-346be4
In base 4, what is 1002203 - 22?
1002121
In base 15, what is 7c697 - -16?
7c6ad
In base 3, what is -10020210020 - -111102?
-10020021211
In base 11, what is -604262 - 13?
-604275
In base 11, what is -3532458 - 6?
-3532463
In base 4, what is 0 + 21023